= -d**3 + 2*d + 2. Give y(c).
6
Let p = 10 - 7. Let d be p/(-9)*(-2 - -8). Let w(z) = z**3 + 3*z**2 - 2. Calculate w(d).
2
Let c = -23 - -24. Let p(n) = n + 1. Determine p(c).
2
Let h = 16 + -20. Let r(x) = x**2 + 6*x + 3. Calculate r(h).
-5
Let x(u) = -u - 9. Suppose 2 = -3*f - 13. Give x(f).
-4
Let b(m) be the second derivative of -7*m**3/6 + m**2 + 30*m. What is b(4)?
-26
Suppose 4*c - 32 = -0*c. Suppose 0 = -4*t - 0 - c. Let y(s) = -s**2 + 2. What is y(t)?
-2
Let o(i) be the second derivative of -i**5/20 - i**4/12 + i**3/3 + 3*i**2/2 - 9*i. Give o(-3).
15
Let z(i) = -2*i**3 + 3*i**2 + 11*i - 5. Let v(d) = -d**3 + 2*d**2 + 6*d - 3. Let g(o) = 5*v(o) - 2*z(o). Suppose 2*j - 12 = -2. Determine g(j).
10
Let k(n) = 1 - n - 2 + 4. Let a be 52/(-39)*33/(-2). Let o = -19 + a. Determine k(o).
0
Let w(z) be the first derivative of -z**4/4 + 5*z**3/3 - z**2/2 - 4*z - 11. What is w(4)?
8
Let h(z) = z**2 + 24. Suppose -2*x = 6*x. Calculate h(x).
24
Suppose 4*r - 11 = 1. Let l(w) = w**2 - 3*w - 3 + 3 + w**r + 1 + 2*w**2. Give l(2).
15
Let c be 6/10*5/1. Suppose -c*y - 26 = -a, 3*a + 0*y = -y + 48. Suppose q + 0*o - 2*o = 14, o + a = 3*q. Let x(p) = -p**2 + 4*p - 1. Calculate x(q).
-1
Let b(z) = 7*z**3 - z**2 + z + 3. Let q(a) = 13*a**3 - 3*a**2 + 3*a + 7. Let d(u) = -5*b(u) + 2*q(u). What is d(1)?
-10
Let f(o) = 3*o + 2*o + 15*o**2 - 4*o. Calculate f(-1).
14
Let q(y) = -6*y - 7. Let i(k) = 12 + 2 - 8 + 5*k. Let x(w) = -7*i(w) - 6*q(w). Give x(5).
5
Let a(d) be the third derivative of -d**5/120 - d**4/4 - d**3/2 + 3*d**2. Let t(z) be the first derivative of a(z). What is t(-6)?
0
Let x = -1 - -3. Let s be ((-12)/(-21))/(x/7). Let p(u) = -3*u**2 - 3 + 4*u**s + u**3 - 2. What is p(0)?
-5
Let m(b) = -b**3 + 10*b**2 - 3. Let r(a) = a**3 + 6*a**2 + a + 5. Let p be r(-6). Let s(y) = -y**2. Let g(i) = p*m(i) - 6*s(i). Calculate g(4).
3
Let v(u) = -7*u**2 + 15*u - 2 - u**3 + 0*u**3 - 6*u. What is v(-8)?
-10
Let c(r) = -r**2 + 3*r - 2. Let h be c(2). Let l(z) = 116*z**2 - z**3 - z - 6 - 116*z**2. Give l(h).
-6
Let n be (-4 + (15 - 4))/(-1). Let s(g) = g - 7. Calculate s(n).
-14
Let p = 0 - 1. Let t be p/(3/(-6)*1). Let o be (-4)/(0 + -2)*t. Let r(z) = -2*z + 1. Give r(o).
-7
Let w(k) = 10*k**2 - 1. Let h be 3/2 + 2 + (-63)/14. Calculate w(h).
9
Let d be (-8)/(-12) - 8/3. Let j(q) = -6*q**2 - q + 2. Give j(d).
-20
Let q(n) = -n - 8. Let i(d) = 3*d + 16. Let a = 5 - 10. Let m(b) = a*q(b) - 2*i(b). Determine m(0).
8
Let z(i) = -3*i**3 - 15*i**2 + 20*i + 28. Let y(j) = j**3 + 5*j**2 - 7*j - 9. Let a(u) = -7*y(u) - 2*z(u). Let h be -9 - -1 - 4/(-2). What is a(h)?
-11
Let b(f) be the third derivative of f**4/24 + 15*f**2. What is b(1)?
1
Suppose -10 = -3*r - s, 5*s = 2 + 3. Let z(q) = q**2 - 3*q + 2. Let v(i) = -1. Let k(m) = 4*v(m) + z(m). What is k(r)?
-2
Let g(w) = w - 3. Let l(b) = -b - 4. Let n be 13/(-2) - 5/(-10). Let z be l(n). Suppose -z*v = -v. Calculate g(v).
-3
Let k = -8 + 3. Let g(d) = -984*d**3 + 4*d**2 + 2*d - 6*d + 5 + 985*d**3. Give g(k).
0
Suppose 0*q + 4*q = 8. Let c(n) = -2*n + 0*n**2 - 1 + 1 + 1 + n**q. Determine c(1).
0
Suppose 2*b + 2*v - 10 = 0, b + b = -5*v + 13. Suppose b*y = -15 - 5. Let s = -3 - y. Let j(u) = 2*u - 2. Calculate j(s).
2
Suppose 2*n + 0*n + 5*d = 17, d - 25 = 5*n. Let h(t) = -t - 2. Calculate h(n).
2
Let i(v) = 4*v**2 + 8*v. Let j(b) = 4*b**2 + 7*b. Let p(h) = 6*i(h) - 7*j(h). Give p(1).
-5
Let b(r) = -r**2 - 5*r + 2. Let x be b(-5). Let o(i) = -x*i - 3 + 2 + 0. Let z be (5/2)/((-2)/4). Determine o(z).
9
Let u(y) = y**3 + y**2 + y - 5. Let a(j) = -j**2 - 7*j + 18. Let b be a(-9). Give u(b).
-5
Let h(a) = 3*a + 1. Let l = 6 + 0. Let f(z) = -z + 6. Let o be f(l). Suppose o = -4*p + 6 + 2. Give h(p).
7
Let s(q) = -2 + 8*q + 7 + 0*q - 2. Let d(l) = -l. Let g(x) = 3*d(x) + s(x). Determine g(-2).
-7
Let h(d) = -d**2 + 2. Suppose 0 = 5*w - 21 + 6. Suppose 21 = -w*o - 4*v + v, -5*o - v = 19. What is h(o)?
-7
Let v be 2/(-6) + (-3)/(-9). Let a be (v - -2) + (-2 - -2). Let h(p) = p**a - 4*p + 4 - 4. Calculate h(3).
-3
Let t(f) = -29*f + 6 + 8*f + 22*f. Calculate t(-10).
-4
Let u(p) = 2*p**3 - p**2 - 11*p + 5. Let y(t) = -t**3 + 6*t - 3. Let r(d) = 3*u(d) + 5*y(d). Calculate r(3).
-9
Let g(y) = y. Let m(n) = -n + 2. Suppose 5 + 5 = 2*z. Suppose 12 = 5*p + 3*u - 16, -5*p + 20 = -z*u. Let j be m(p). What is g(j)?
-3
Let v(t) = -t + 8. Let h be v(5). Let s(m) = 1 - 3*m**2 - 3*m**2 + 5*m**2 - 2*m. Let g(y) = -y**2 - 3*y + 1. Let f(w) = 3*g(w) - 4*s(w). Give f(h).
5
Let l(j) be the second derivative of 1/6*j**3 - 3/2*j**2 + 0 - 4*j. What is l(-3)?
-6
Let l(o) = -o**2 + 5*o + 2. Suppose 1 = h, -12 - 13 = -5*c + 5*h. Give l(c).
-4
Let f(p) = p + 1. Suppose 21 = -5*a + 6. What is f(a)?
-2
Let g(c) = -c**3 + 3*c - 3. Let w = 0 - -4. Let k = 6 - w. Give g(k).
-5
Let o = -1 + 3. Suppose -3*q = -o*q. Let c(h) = -h**2 + 1. Give c(q).
1
Let g(o) = -2 - 2 + 0 + o**2 + 0. Let b(j) = j**2 + j - 2. Let m be b(-2). Give g(m).
-4
Let y(u) be the second derivative of u**6/360 - u**5/120 - u**4/6 + 5*u**3/6 + 3*u. Let o(x) be the second derivative of y(x). Determine o(0).
-4
Let o(s) = -s**2 - s + 7. Let r be (-3)/(-12)*-1 - (-3)/12. What is o(r)?
7
Let g(t) = 6*t**3 + 5*t**2 + 7*t + 9. Let h(n) = -n**3 - n - 1. Let f(v) = -g(v) - 5*h(v). Give f(-5).
6
Suppose -7*v = -2*v - 4*a + 22, 4*a - 16 = 2*v. Let p(c) = 7*c - 7. Let s(t) = -22*t + 22. Let f(n) = -16*p(n) - 5*s(n). Determine f(v).
6
Let o(x) = -2*x**2 - 2. Let v be ((-12)/9 - -4) + (-6)/9. Determine o(v).
-10
Suppose 5*y = 2*u + 23, -3*u + 3*y - 1 = 29. Let q(s) = s**2 + 11*s + 11. Give q(u).
-7
Let y(z) = 22*z**3 - z**2 - z - 1. Suppose 15*i = 13*i - 2. What is y(i)?
-23
Let p = -3 - -4. Let w(m) = -m. Let v be -4*1*1/(-4). Let j(d) = -18*d. Let s(l) = v*j(l) - 12*w(l). Calculate s(p).
-6
Suppose -2*k + 4*k - 125 = 5*b, 4*b + 64 = k. Suppose 0*m = 3*m, -k = -4*i - m. Suppose -i = 2*o - 5. Let y(x) = x**2 + 6*x + 7. Determine y(o).
2
Let n(d) = 4*d + 1. Let x be n(1). Let q(f) be the first derivative of -f**2/2 + f - 2. What is q(x)?
-4
Let l(n) = -n**3 - 2*n**2 + 2*n + 3. Let h = 3 - 0. Suppose h*y - x + 4 = 1, -y = -x + 3. Suppose -10 = 5*v - y*v. What is l(v)?
-1
Let y be (-10)/25 - (-24)/10. Let q be (y + 2)*(-2)/(-4). Let j(f) = f - 2 - f**3 + 4*f**q - 4 + 4. Calculate j(4).
2
Let u(a) be the third derivative of a**6/120 - 7*a**5/60 + 7*a**4/24 + a**3/3 - 11*a**2. What is u(5)?
-13
Let m(g) = 1 - 4*g + 1 - 4*g**2 + 3*g + 3*g**2. Give m(-4).
-10
Let q(m) = 25*m**3 - 4*m**2 + 5*m + 2. Let l = -5 - -7. Let z(t) = 3*t**l + 8*t**3 + 5*t**3 + 1 - 5*t**2 + 3*t. Let h(v) = -3*q(v) + 5*z(v). Determine h(1).
-9
Let b(m) = 6*m - 2*m - 6*m + 0*m - 1. What is b(-1)?
1
Let u = 10 - 6. Suppose -11 = 4*f + k, -u = -4*k - 0. Let n(v) = -v - 1. Let g(r) = 3*r - 2. Let x(w) = g(w) + 4*n(w). Determine x(f).
-3
Let x(h) = 2*h - 4 - h - h**3 - 8*h + 0*h - 6*h**2. Determine x(-5).
6
Let h(n) = n**3 + 7*n**2 + 6*n - 4. Let b be h(-6). Let x(j) = 5*j**2 + 3*j - 4. Let u(t) = 9*t**2 + 6*t - 8. Let w(c) = -4*u(c) + 7*x(c). Calculate w(b).
0
Let y(d) = -d**3 + 4 - 5*d + 9*d**2 - 14*d**2 + 0 + 2*d**3. Calculate y(6).
10
Let a = -146 - -137. Let k(c) = -c - 16. What is k(a)?
-7
Let b(w) = -w**3 + 4*w**2 - w - 3. Let l be b(3). Let r(x) be the first derivative of 5*x**2/2 - 4*x - 2. Determine r(l).
11
Let a(v) be the third derivative of 7*v**4/12 - v**3/6 - 2*v**2. Suppose -2 = 4*q - 6*q. Determine a(q).
13
Let l(s) = 4*s**3 - 9*s**2 + 5*s + 2. Let r(t) = 5*t**3 - 10*t**2 + 5*t + 2. Let f = 4 + -3. Let q = 5 - f. Let u(x) = q*l(x) - 3*r(x). Determine u(5).
2
Let w = -4 - -8. Let c(a) = -a**2 + 3*a - 2. Determine c(w).
-6
Let s(o) be the first derivative of o**2/2 - 15. What is s(-7)?
-7
Let w be (4/(-6))/(2/6). Let y(s) = -s**2 + s**3 + 1 + 0*s**3 + 2*s - 5*s. Let n(i) = 5*i**3 - 6*i**2 - 16*i + 6. Let f(c) = 2*n(c) - 11*y(c). Give f(w).
3
Suppose 0 = -4*n - 8, -2*n + 3 + 3 = 2*c. Let g(r) = r**2 - 6*r + 3. Give g(c).
-2
Let k(d) = -d**2 - 2*d + 6. Let v be (-6)/(-12)*0/(-1). Let n(o) = -o - 2. Let c be n(v). Let z be -10*(2 - (-3)/c). Calculate k(z).
-9
Let a(n) = n**3 + 4*n**2 + n. Let v be a(-4). Let x(r) = r + 7. What is x(v)?
3
Let v(j) be the third derivative of -j**8/20160 - j**7/2520 - j**6/720 + j**5/30 - j**2. Le